{"id":120,"date":"2025-02-12T14:54:44","date_gmt":"2025-02-12T13:54:44","guid":{"rendered":"https:\/\/beenergyconnect.fr\/?page_id=120"},"modified":"2025-05-20T09:32:56","modified_gmt":"2025-05-20T07:32:56","slug":"services","status":"publish","type":"page","link":"https:\/\/beenergyconnect.fr\/index.php\/services\/","title":{"rendered":"Nos services"},"content":{"rendered":"\n<div class=\"wp-block-group alignfull has-base-background-color has-background has-global-padding is-layout-constrained wp-container-core-group-is-layout-d89aad35 wp-block-group-is-layout-constrained\" style=\"margin-top:0;margin-bottom:0;padding-top:var(--wp--preset--spacing--50);padding-right:var(--wp--preset--spacing--50);padding-bottom:var(--wp--preset--spacing--50);padding-left:var(--wp--preset--spacing--50)\">\n<div class=\"wp-block-columns alignwide is-layout-flex wp-container-core-columns-is-layout-549b0c86 wp-block-columns-is-layout-flex\">\n<div class=\"wp-block-column is-layout-flow wp-container-core-column-is-layout-119bc444 wp-block-column-is-layout-flow\" style=\"flex-basis:60%\">\n<p class=\"has-fakt-con-pro-font-family has-x-large-font-size\" style=\"line-height:1.2\">CONSEIL<\/p>\n\n\n\n<div class=\"wp-block-columns is-layout-flex wp-container-core-columns-is-layout-87beb0d0 wp-block-columns-is-layout-flex\">\n<div class=\"wp-block-column is-layout-flow wp-block-column-is-layout-flow\">\n<p class=\"has-large-font-size wp-container-content-9cfa9a5a\">Nous analysons vos besoins ensemble afin de d\u00e9terminer la meilleure solutions lors de la visite technique qui pour nous est obligatoire !<\/p>\n<\/div>\n<\/div>\n<\/div>\n\n\n\n<div class=\"wp-block-column has-global-padding is-content-justification-left is-layout-constrained wp-container-core-column-is-layout-4f15e8fe wp-block-column-is-layout-constrained\" style=\"flex-basis:40%\">\n<figure class=\"wp-block-image size-full wp-duotone-unset-1\"><img loading=\"lazy\" decoding=\"async\" width=\"500\" height=\"500\" src=\"https:\/\/beenergyconnect.fr\/wp-content\/uploads\/2025\/02\/Zone-Geo.png\" alt=\"\" class=\"wp-image-225\" srcset=\"https:\/\/beenergyconnect.fr\/wp-content\/uploads\/2025\/02\/Zone-Geo.png 500w, https:\/\/beenergyconnect.fr\/wp-content\/uploads\/2025\/02\/Zone-Geo-300x300.png 300w, https:\/\/beenergyconnect.fr\/wp-content\/uploads\/2025\/02\/Zone-Geo-150x150.png 150w\" sizes=\"auto, (max-width: 500px) 100vw, 500px\" \/><\/figure>\n<\/div>\n<\/div>\n<\/div>\n\n\n\n<div class=\"wp-block-group alignfull has-base-background-color has-background has-global-padding is-layout-constrained wp-container-core-group-is-layout-d89aad35 wp-block-group-is-layout-constrained\" style=\"margin-top:0;margin-bottom:0;padding-top:var(--wp--preset--spacing--50);padding-right:var(--wp--preset--spacing--50);padding-bottom:var(--wp--preset--spacing--50);padding-left:var(--wp--preset--spacing--50)\">\n<div class=\"wp-block-columns alignwide is-layout-flex wp-container-core-columns-is-layout-549b0c86 wp-block-columns-is-layout-flex\">\n<div class=\"wp-block-column has-global-padding is-content-justification-left is-layout-constrained wp-container-core-column-is-layout-4f15e8fe wp-block-column-is-layout-constrained\" style=\"flex-basis:40%\">\n<figure class=\"wp-block-gallery has-nested-images columns-default is-cropped wp-block-gallery-3 is-layout-flex wp-block-gallery-is-layout-flex\">\n<figure class=\"wp-block-image size-large wp-duotone-unset-2\"><img loading=\"lazy\" decoding=\"async\" width=\"768\" height=\"1024\" data-id=\"193\" src=\"https:\/\/beenergyconnect.fr\/wp-content\/uploads\/2025\/02\/20241128_140452043_iOS-768x1024.jpg\" alt=\"\" class=\"wp-image-193\" srcset=\"https:\/\/beenergyconnect.fr\/wp-content\/uploads\/2025\/02\/20241128_140452043_iOS-768x1024.jpg 768w, https:\/\/beenergyconnect.fr\/wp-content\/uploads\/2025\/02\/20241128_140452043_iOS-225x300.jpg 225w, https:\/\/beenergyconnect.fr\/wp-content\/uploads\/2025\/02\/20241128_140452043_iOS-1152x1536.jpg 1152w, https:\/\/beenergyconnect.fr\/wp-content\/uploads\/2025\/02\/20241128_140452043_iOS-1536x2048.jpg 1536w, https:\/\/beenergyconnect.fr\/wp-content\/uploads\/2025\/02\/20241128_140452043_iOS-scaled.jpg 1920w\" sizes=\"auto, (max-width: 768px) 100vw, 768px\" \/><figcaption class=\"wp-element-caption\">Gilles satisfait de sa nouvelle r\u00e9alisation chez un client<\/figcaption><\/figure>\n<\/figure>\n<\/div>\n\n\n\n<div class=\"wp-block-column is-layout-flow wp-container-core-column-is-layout-119bc444 wp-block-column-is-layout-flow\" style=\"flex-basis:60%\">\n<p class=\"has-fakt-con-pro-font-family has-x-large-font-size\" style=\"line-height:1.2\">INSTALLATION<\/p>\n\n\n\n<div class=\"wp-block-columns is-layout-flex wp-container-core-columns-is-layout-87beb0d0 wp-block-columns-is-layout-flex\">\n<div class=\"wp-block-column is-layout-flow wp-block-column-is-layout-flow\">\n<p class=\"has-large-font-size wp-container-content-9cfa9a5a\">Nos techniciens se d\u00e9placent afin d&rsquo;assurer l&rsquo;installation puis le suivi de votre borne.<\/p>\n\n\n\n<p>Nous proposons un service de SAV tr\u00e8s r\u00e9actif ! Ce qui vous permet une stabilit\u00e9 et grande confiance en nous!<\/p>\n<\/div>\n<\/div>\n<\/div>\n<\/div>\n<\/div>\n\n\n\n<h2 class=\"wp-block-heading\">Be Energy Comfort : la maintenance de votre borne en toute s\u00e9r\u00e9nit\u00e9<\/h2>\n\n\n\n<p><strong>Be Energy Comfort, c\u2019est la s\u00e9r\u00e9nit\u00e9 pour votre borne d\u00e8s 5,52\u20ac\/mois.<\/strong> <\/p>\n\n\n\n<p>Maintenance illimit\u00e9e, visite annuelle, assistance 5j\/7, intervention sous 72h et pr\u00eat de c\u00e2ble : tout est inclus pour garantir le bon fonctionnement de votre installation.<\/p>\n\n\n\n<figure class=\"wp-block-gallery has-nested-images columns-default is-cropped wp-block-gallery-4 is-layout-flex wp-block-gallery-is-layout-flex\">\n<figure class=\"wp-block-image size-large wp-duotone-duotone-2\"><img loading=\"lazy\" decoding=\"async\" width=\"1024\" height=\"684\" data-id=\"302\" src=\"https:\/\/beenergyconnect.fr\/wp-content\/uploads\/2025\/05\/maintenance-chnew-1024x684.jpg\" alt=\"\" class=\"wp-image-302\" srcset=\"https:\/\/beenergyconnect.fr\/wp-content\/uploads\/2025\/05\/maintenance-chnew-1024x684.jpg 1024w, https:\/\/beenergyconnect.fr\/wp-content\/uploads\/2025\/05\/maintenance-chnew-300x200.jpg 300w, https:\/\/beenergyconnect.fr\/wp-content\/uploads\/2025\/05\/maintenance-chnew-768x513.jpg 768w, https:\/\/beenergyconnect.fr\/wp-content\/uploads\/2025\/05\/maintenance-chnew.jpg 1280w\" sizes=\"auto, (max-width: 1024px) 100vw, 1024px\" \/><\/figure>\n<\/figure>\n\n\n\n<div class=\"wp-block-group alignfull has-base-background-color has-background has-global-padding is-layout-constrained wp-container-core-group-is-layout-d89aad35 wp-block-group-is-layout-constrained\" style=\"margin-top:0;margin-bottom:0;padding-top:var(--wp--preset--spacing--50);padding-right:var(--wp--preset--spacing--50);padding-bottom:var(--wp--preset--spacing--50);padding-left:var(--wp--preset--spacing--50)\">\n<div class=\"wp-block-columns alignwide is-layout-flex wp-container-core-columns-is-layout-549b0c86 wp-block-columns-is-layout-flex\">\n<div class=\"wp-block-column is-layout-flow wp-container-core-column-is-layout-119bc444 wp-block-column-is-layout-flow\" style=\"flex-basis:60%\">\n<p class=\"has-fakt-con-pro-font-family has-x-large-font-size\" style=\"line-height:1.2\">NOS PRODUITS PHARES<\/p>\n\n\n\n<div class=\"wp-block-columns is-layout-flex wp-container-core-columns-is-layout-87beb0d0 wp-block-columns-is-layout-flex\">\n<div class=\"wp-block-column is-layout-flow wp-block-column-is-layout-flow\">\n<p class=\"has-large-font-size wp-container-content-9cfa9a5a\">Notre gamme compl\u00e8te de bornes DAZE et V2C permet de trouver la meilleure solution pour chaque foyer.  <\/p>\n\n\n\n<p>Les bornes sont fiables et ergonomiques alliant confort au quotidien et tranquillit\u00e9. <\/p>\n<\/div>\n<\/div>\n\n\n\n<p>Nous recommandons souvent les bornes avec c\u00e2ble int\u00e9gr\u00e9 pour votre confort au quotidien et vous \u00e9viter des aller-retours incessant entre le chargeur et votre coffre. L\u00e0, vous avec vraiment l&rsquo;impression d&rsquo;\u00eatre chez vous, comme dans une station de recharge !<\/p>\n<\/div>\n\n\n\n<div class=\"wp-block-column has-global-padding is-content-justification-left is-layout-constrained wp-container-core-column-is-layout-4f15e8fe wp-block-column-is-layout-constrained\" style=\"flex-basis:40%\">\n<figure class=\"wp-block-image alignwide size-full wp-duotone-unset-5\"><img loading=\"lazy\" decoding=\"async\" width=\"602\" height=\"974\" src=\"https:\/\/beenergyconnect.fr\/wp-content\/uploads\/2025\/02\/Home-Daze-S-White-1-2.png\" alt=\"\" class=\"wp-image-173\" srcset=\"https:\/\/beenergyconnect.fr\/wp-content\/uploads\/2025\/02\/Home-Daze-S-White-1-2.png 602w, https:\/\/beenergyconnect.fr\/wp-content\/uploads\/2025\/02\/Home-Daze-S-White-1-2-185x300.png 185w\" sizes=\"auto, (max-width: 602px) 100vw, 602px\" \/><\/figure>\n\n\n\n<figure class=\"wp-block-gallery has-nested-images columns-default is-cropped wp-block-gallery-7 is-layout-flex wp-block-gallery-is-layout-flex\">\n<figure class=\"wp-block-image size-large wp-duotone-unset-6\"><img loading=\"lazy\" decoding=\"async\" width=\"225\" height=\"225\" data-id=\"228\" src=\"https:\/\/beenergyconnect.fr\/wp-content\/uploads\/2025\/02\/V2C.jpg\" alt=\"\" class=\"wp-image-228\" srcset=\"https:\/\/beenergyconnect.fr\/wp-content\/uploads\/2025\/02\/V2C.jpg 225w, https:\/\/beenergyconnect.fr\/wp-content\/uploads\/2025\/02\/V2C-150x150.jpg 150w\" sizes=\"auto, (max-width: 225px) 100vw, 225px\" \/><\/figure>\n<\/figure>\n<\/div>\n<\/div>\n<\/div>\n\n\n\n<figure class=\"wp-block-image size-full wp-duotone-unset-8\"><img loading=\"lazy\" decoding=\"async\" width=\"225\" height=\"225\" src=\"https:\/\/beenergyconnect.fr\/wp-content\/uploads\/2025\/02\/Logo-ZE-PLUG.png\" alt=\"\" class=\"wp-image-251\" srcset=\"https:\/\/beenergyconnect.fr\/wp-content\/uploads\/2025\/02\/Logo-ZE-PLUG.png 225w, https:\/\/beenergyconnect.fr\/wp-content\/uploads\/2025\/02\/Logo-ZE-PLUG-150x150.png 150w\" sizes=\"auto, (max-width: 225px) 100vw, 225px\" \/><\/figure>\n\n\n\n<p><\/p>\n\n\n\n<p>Nous sommes \u00e9galement installateurs agr\u00e9\u00e9s pour des grandes entreprises nationales comme ZE PLUG. Un contrat de confiance et d&rsquo;engagement mutuel, fond\u00e9 sur le partage et la bonne communication, nous unis depuis janvier 2025 !<\/p>\n\n\n\n<figure class=\"wp-block-gallery has-nested-images columns-default is-cropped wp-block-gallery-12 is-layout-flex wp-block-gallery-is-layout-flex\">\n<figure class=\"wp-block-image size-large wp-duotone-unset-9\"><img loading=\"lazy\" decoding=\"async\" width=\"768\" height=\"1024\" data-id=\"252\" src=\"https:\/\/beenergyconnect.fr\/wp-content\/uploads\/2025\/02\/IMG_0224-768x1024.jpg\" alt=\"\" class=\"wp-image-252\" srcset=\"https:\/\/beenergyconnect.fr\/wp-content\/uploads\/2025\/02\/IMG_0224-768x1024.jpg 768w, https:\/\/beenergyconnect.fr\/wp-content\/uploads\/2025\/02\/IMG_0224-225x300.jpg 225w, https:\/\/beenergyconnect.fr\/wp-content\/uploads\/2025\/02\/IMG_0224-1152x1536.jpg 1152w, https:\/\/beenergyconnect.fr\/wp-content\/uploads\/2025\/02\/IMG_0224-1536x2048.jpg 1536w, https:\/\/beenergyconnect.fr\/wp-content\/uploads\/2025\/02\/IMG_0224-scaled.jpg 1920w\" sizes=\"auto, (max-width: 768px) 100vw, 768px\" \/><\/figure>\n\n\n\n<figure class=\"wp-block-image size-large wp-duotone-unset-10\"><img loading=\"lazy\" decoding=\"async\" width=\"768\" height=\"1024\" data-id=\"253\" src=\"https:\/\/beenergyconnect.fr\/wp-content\/uploads\/2025\/02\/IMG_0349-768x1024.jpg\" alt=\"\" class=\"wp-image-253\" srcset=\"https:\/\/beenergyconnect.fr\/wp-content\/uploads\/2025\/02\/IMG_0349-768x1024.jpg 768w, https:\/\/beenergyconnect.fr\/wp-content\/uploads\/2025\/02\/IMG_0349-225x300.jpg 225w, https:\/\/beenergyconnect.fr\/wp-content\/uploads\/2025\/02\/IMG_0349-1152x1536.jpg 1152w, https:\/\/beenergyconnect.fr\/wp-content\/uploads\/2025\/02\/IMG_0349-1536x2048.jpg 1536w, https:\/\/beenergyconnect.fr\/wp-content\/uploads\/2025\/02\/IMG_0349-scaled.jpg 1920w\" sizes=\"auto, (max-width: 768px) 100vw, 768px\" \/><\/figure>\n\n\n\n<figure class=\"wp-block-image size-large wp-duotone-unset-11\"><img loading=\"lazy\" decoding=\"async\" width=\"768\" height=\"1024\" data-id=\"254\" src=\"https:\/\/beenergyconnect.fr\/wp-content\/uploads\/2025\/02\/IMG_0356-768x1024.jpg\" alt=\"\" class=\"wp-image-254\" srcset=\"https:\/\/beenergyconnect.fr\/wp-content\/uploads\/2025\/02\/IMG_0356-768x1024.jpg 768w, https:\/\/beenergyconnect.fr\/wp-content\/uploads\/2025\/02\/IMG_0356-225x300.jpg 225w, https:\/\/beenergyconnect.fr\/wp-content\/uploads\/2025\/02\/IMG_0356-1152x1536.jpg 1152w, https:\/\/beenergyconnect.fr\/wp-content\/uploads\/2025\/02\/IMG_0356-1536x2048.jpg 1536w, https:\/\/beenergyconnect.fr\/wp-content\/uploads\/2025\/02\/IMG_0356-scaled.jpg 1920w\" sizes=\"auto, (max-width: 768px) 100vw, 768px\" \/><\/figure>\n<\/figure>\n","protected":false},"excerpt":{"rendered":"<p>CONSEIL Nous analysons vos besoins ensemble afin de d\u00e9terminer la meilleure solutions lors de la visite technique qui pour nous est obligatoire ! INSTALLATION Nos techniciens se d\u00e9placent afin d&rsquo;assurer l&rsquo;installation puis le suivi de votre borne. Nous proposons un service de SAV tr\u00e8s r\u00e9actif ! Ce qui vous permet une stabilit\u00e9 et grande confiance [&hellip;]<\/p>\n","protected":false},"author":2,"featured_media":49,"parent":0,"menu_order":0,"comment_status":"closed","ping_status":"closed","template":"","meta":{"footnotes":""},"class_list":["post-120","page","type-page","status-publish","has-post-thumbnail","hentry"],"_links":{"self":[{"href":"https:\/\/beenergyconnect.fr\/index.php\/wp-json\/wp\/v2\/pages\/120","targetHints":{"allow":["GET"]}}],"collection":[{"href":"https:\/\/beenergyconnect.fr\/index.php\/wp-json\/wp\/v2\/pages"}],"about":[{"href":"https:\/\/beenergyconnect.fr\/index.php\/wp-json\/wp\/v2\/types\/page"}],"author":[{"embeddable":true,"href":"https:\/\/beenergyconnect.fr\/index.php\/wp-json\/wp\/v2\/users\/2"}],"replies":[{"embeddable":true,"href":"https:\/\/beenergyconnect.fr\/index.php\/wp-json\/wp\/v2\/comments?post=120"}],"version-history":[{"count":11,"href":"https:\/\/beenergyconnect.fr\/index.php\/wp-json\/wp\/v2\/pages\/120\/revisions"}],"predecessor-version":[{"id":301,"href":"https:\/\/beenergyconnect.fr\/index.php\/wp-json\/wp\/v2\/pages\/120\/revisions\/301"}],"wp:featuredmedia":[{"embeddable":true,"href":"https:\/\/beenergyconnect.fr\/index.php\/wp-json\/wp\/v2\/media\/49"}],"wp:attachment":[{"href":"https:\/\/beenergyconnect.fr\/index.php\/wp-json\/wp\/v2\/media?parent=120"}],"curies":[{"name":"wp","href":"https:\/\/api.w.org\/{rel}","templated":true}]}}